3. What is the tens digit of 29 - (v + 9/(-3))?
3
Suppose i = 4*f - i + 122, 0 = -2*f - 4*i - 46. Let m be 65 + (-32)/(-7) + (-42)/(-98). Let j = m + f. What is the tens digit of j?
4
Suppose 3258 - 334 = 4*g + 5*n, 4*n = 5*g - 3655. What is the tens digit of g?
3
Let r(w) = -w**3 - 7*w**2 + 4*w - 8. Suppose 3*c - 3*i + 2*i + 22 = 0, 4*c + 61 = -5*i. What is the units digit of r(c)?
8
Let x = -6 - -30. Let z = -48 + x. Let n = z - -40. What is the tens digit of n?
1
Let f be ((-1)/(-2))/(482/(-480) - -1). What is the tens digit of (f/(-18))/((-6)/(-99))?
1
Let b(s) = s**3 - 2*s**2 - 11*s + 20. What is the hundreds digit of b(9)?
4
Let v = 25 - 11. Suppose -2*d + v = 3*i - 16, -50 = -5*i - 2*d. Let c = -8 + i. What is the units digit of c?
2
Let v(t) = -8*t + 4 - t**2 - 4*t**2 + 6*t**2. Let o be v(8). Suppose -z - 1 = o*h, 4*z + h - 50 = 6. What is the units digit of z?
5
Let x be (3 - 0 - 17)*-6. Let u be (-264)/x + 1/7. What is the tens digit of (4 + (-23)/3)*u?
1
Suppose -v + 5*w = 81 - 2, 4*v + 266 = -5*w. What is the units digit of v/((-2)/4*6)?
3
Let x(b) = 2*b**2 - 7*b + 19. What is the tens digit of x(8)?
9
Suppose 3*j + 4*i - 1236 = -2*j, -3*j + i + 728 = 0. What is the hundreds digit of j?
2
Let m(n) = n. Let v(a) = 2*a**3 + 3*a**2 + 7*a + 5. Let s(i) = 3*m(i) - v(i). Let z be s(-2). Suppose 0 = 10*g - z*g - 120. What is the tens digit of g?
4
Let d(s) = s**3 + 2*s**2 - 5*s - 4. Let i be d(-3). Suppose 45 = 3*a + 2*l + 9, 4*a = -l + 43. What is the tens digit of 24 + i + -14 + a?
2
Let u(f) = -f**3 - 8*f**2 + 21*f + 60. What is the hundreds digit of u(-12)?
3
Let k = -3821 - -6515. What is the hundreds digit of k?
6
Let q = -26 + 15. Let v = 11 + q. Suppose 3*n + 3*y - 69 = -2*y, 5*n + y - 93 = v. What is the units digit of n?
8
Let r be (-2880)/(-27) + 4/(-6). Suppose r = 2*l + 3*y, 0 = 5*y + 7 - 27. What is the units digit of l?
7
Suppose -2*z + 0*z - 4*p + 914 = 0, -1848 = -4*z - 4*p. What is the tens digit of z?
6
Let l = 2323 - -3048. What is the thousands digit of l?
5
Let y = -2778 - -5694. What is the units digit of y?
6
Let j = 469 - -83. What is the tens digit of j?
5
Let k(n) = -n**2 + 34*n - 6. What is the tens digit of k(24)?
3
Let p(o) = 7*o - 180. What is the tens digit of p(36)?
7
Let d be 1/(-5)*12*5. What is the units digit of 105/d*(2 + -6)?
5
What is the tens digit of 1*2/6 + 467232/144?
4
Suppose 11*r = 22*r - 352. Let o(i) = i - 3. Let j be o(3). Let c = j + r. What is the units digit of c?
2
Let s = -85 - -38. Let i = 80 + s. Suppose -3*x + 6 = -i. What is the units digit of x?
3
Suppose -3*w - 24 = -4*w + c, -38 = -2*w + 4*c. Let z = w + -25. What is the units digit of z?
4
Suppose -2*x + 28 = -4*g, -2*g = 5*x - 2 - 8. Let k = -4 + x. Suppose -5*v + 15 = -k*v. What is the units digit of v?
3
Let j = 564 + -376. What is the hundreds digit of j?
1
Let x(v) = -7*v**3 - 12*v**2 - 4*v - 9. Let l(k) = -k**3 - 2*k**2 - k - 1. Let n(o) = -5*l(o) + x(o). What is the units digit of n(-4)?
8
Let n = -770 + 1409. What is the hundreds digit of n?
6
Let i(z) = -z**2 + 4*z + 8. Suppose 5*g - 9 = k + 6, -g = 5*k - 29. Let j be i(k). Suppose u - 16 = -j*u. What is the units digit of u?
4
What is the units digit of 43539/21 - (-36)/(-126)?
3
Suppose 0*u + 10 = -u. Let g = u + 6. What is the tens digit of (1 - -24) + g + 2?
2
What is the units digit of 0 - 2 - -3 - (-27 + 6)?
2
Let u(i) = -169*i + 10. Let d(x) = 169*x - 11. Let b(h) = -5*d(h) - 4*u(h). Let p be b(15). What is the tens digit of p/(-55) + 4/22?
4
Suppose -4*n - 2*q = q + 17, -3*n = -2*q. Let w be 12/(-54) - n/9. Suppose -2*f - 2*o + 28 = 0, 0 = -f - w*o + 5*o + 44. What is the units digit of f?
9
Let h(d) = d**3 + d**2 - 2*d. Let v(b) = 2*b**3 - 25*b**2 - 11*b - 64. Let c(u) = -3*h(u) + v(u). What is the units digit of c(-28)?
6
Let q(g) = -23*g**3 - g**2 - g + 4. Let t be q(2). Let p = 304 + t. What is the hundreds digit of p?
1
Let m(k) be the first derivative of k**4/4 + k**3/3 - k**2 + 18*k - 4. What is the units digit of m(0)?
8
Suppose 16851 = -21*k + 24*k - 4*d, 0 = -k + 4*d + 5609. What is the thousands digit of k?
5
Let z = 363 + -156. Suppose 4*p - 167 = -x, -2*x = -2*p - 107 - z. What is the tens digit of x?
5
Suppose -5*f - 5*b = -0*b - 16605, 2*b - 8 = 0. What is the thousands digit of f?
3
Suppose 4*s = -i - 78, 5*i + 356 = s - 4*s. Let m be -2*1/(4/i). Suppose 3*b - 175 = 4*z - m, 5*b - 214 = -3*z. What is the units digit of b?
4
Let q be (-2 + 1)/(8 + -9). Let a be 4*30/4 - q. Suppose 5*m - 129 - 31 = 5*z, -2*m - 5*z + a = 0. What is the tens digit of m?
2
Let t be (-1)/(((-2)/174)/((-70)/21)). Let g = -195 - t. What is the units digit of g?
5
Suppose -8*p + 4*p - 424 = -4*k, 3*p + 3 = 0. What is the tens digit of k?
0
Let y be (0/1 + 0)/(-1). Suppose -4*n = 2*m - 6*m - 52, y = -m - 4*n + 12. What is the units digit of (-2)/6*(-4 + m)?
4
Let p = -475 + 884. Suppose -5*t - 49 = -p. What is the units digit of t?
2
Let d(a) = 13*a - 10. Let z be 671/99 + 2/9. Let g be d(z). Suppose 0 = -4*u - 13 + g. What is the tens digit of u?
1
Let k(v) = 215*v - 104. What is the thousands digit of k(18)?
3
Let q(c) = -c**2 - c. Let m be q(0). Suppose m = -t + 1 + 1. Suppose t*g = g + 28. What is the tens digit of g?
2
Let k(s) = 4*s + 136. Let y be k(0). Suppose 0 = 3*o - b - 618, 2*o - 5*b = 276 + y. What is the hundreds digit of o?
2
Let i be 3 + -75 + -2 - -1. Let l = i + 144. What is the tens digit of l?
7
Let s(x) = x**2 - 6*x - 7. Let w be s(-8). Suppose -9*d - w = -6*d. Let l = d - -58. What is the units digit of l?
3
Suppose 10988 = 5*z + 4*k - 3359, -z + 4*k = -2855. What is the hundreds digit of z?
8
Let g(d) = -7*d**2 + 5*d. Let j = 11 - 17. Let q be g(j). What is the tens digit of q/(-10) + (-3)/15?
2
Let x(c) be the third derivative of -c**5/60 - 3*c**4/8 + 2*c**3/3 + 15*c**2. What is the tens digit of x(-7)?
1
Let a = -75 - -77. Suppose 0 = 3*n - 4*y - 396, a*y + y = 2*n - 265. What is the units digit of n?
8
Let m(p) = -p**3 - 3*p**2 - 3*p - 1. Let q(d) = -d**2 + 3*d + 7. Suppose 3*c = -a - a + 22, 30 = 2*a + 5*c. Let o be q(a). What is the units digit of m(o)?
8
Suppose -5*o - 3*k = 233, 89 + 87 = -4*o - 5*k. Let r = o - -270. What is the units digit of r?
1
Let q(c) = -44*c - 88. What is the tens digit of q(-71)?
3
Suppose 2*g - 2*a = 3*a + 1583, 2*a - 769 = -g. What is the tens digit of g?
7
Let l(o) = o**3 - 11*o**2 + 7*o + 11. Let u be l(10). Let p = 25 + u. Suppose 2*t + p = 0, 3*v = 5*v + t - 123. What is the tens digit of v?
6
Let g(z) = -198*z - 305. What is the tens digit of g(-9)?
7
Let f(s) = -3*s**3 - 7*s**2 + 40*s + 53. What is the tens digit of f(-10)?
5
Suppose -12*t + 2835 = -7*t. What is the tens digit of t?
6
Let g be (-1*(2 - 1))/(5/(-20)). Let f(u) = -u + 11. Let l be f(0). Suppose -41 - l = -g*n. What is the tens digit of n?
1
Let z be (42/(-30) - -1)*-1425. Suppose z = 10*n - 4*n. What is the tens digit of n?
9
Let j = -63 + 770. What is the hundreds digit of j?
7
Let a(s) = 77*s + 410. What is the units digit of a(13)?
1
Let x = -57 - -42. What is the hundreds digit of 1278/x*1*15/(-6)?
2
Suppose 824 = n - 1563. What is the units digit of n?
7
Suppose 2*v - 92 = -376. Let g = v + 281. What is the units digit of g?
9
Suppose 0 = 11*z - 6*z. Suppose s + 4 = 0, z*s + s = 5*j - 24. Suppose 0 = 4*x + j*i - 112, 0 = 5*x - 0*i + i - 132. What is the tens digit of x?
2
Suppose -k + 3*t = 4*t + 28, -4*t = 5*k + 136. Let i = 20 + k. What is the units digit of (-193)/i + 2/(-8)?
8
What is the tens digit of (-10 - (-9 + -6))*1111/5?
1
Suppose 0 = -p + 12*n - 15*n + 2569, 4*n + 10356 = 4*p. What is the thousands digit of p?
2
Let k(b) = -4*b - 28. Let u be k(-7). Let o be 604/10 - (-10)/(-25). Suppose 3*i - o = -u*i. What is the tens digit of i?
2
Let i(g) = 4*g**2 + 9 - 91*g - g**2 + 108*g. What is the units digit of i(-9)?
9
Suppose 2*s + 0*f + 18 = 2*f, 2*f = -6. Let a = 19 + s. What is the units digit of a?
7
Let f = -1 - -4. Suppose -f*c + c = -4*n + 62, -3*c = 5*n + 60. Let t = 0 - c. What is the tens digit of t?
2
Suppose -6*g + 3*g = -12. Suppose 3*m = 5*d - 941, g*m = -0*m + 12. What is the units digit of d?
0
Let h = 78 + -72. What is the tens digit of 215 - h/4*2/(-3)?
1
Suppose -4*a + 3*g = -5780, -4*a - 641 + 6417 = -4*g.